irst derivative of 189*c**2 + 39*c - 1. Let m(j) = 29*j + 3. Let f(u) = 2*b(u) - 27*m(u). Is f(-2) composite?
True
Let r(q) = 3*q**2 - q + 1. Let x be r(1). Suppose -f - 134 = -x*f. Is f a prime number?
True
Suppose -5 = 3*g - 2. Is (-72)/(g - 0) - 3 composite?
True
Let s be (-1 - -3)*3/2. Suppose s*h = r + 164, -3*h - 6*r + r = -134. Is h prime?
True
Let o = -1 - 2. Let d = 3 + o. Suppose -4*h + 4*a = -5*h + 21, -2*h - 2*a + 42 = d. Is h prime?
False
Is (-291)/(-1) + 8/2 composite?
True
Let p = -857 - -1300. Is p a prime number?
True
Is 0 - -411 - 12/(-3) a composite number?
True
Let l(z) = 204*z - 7. Suppose 3*n - 16 = 2*t, -2*t = 5*n - 0*t. Is l(n) composite?
False
Let j = 19 - -27. Suppose -4*m + 22 = g, 0 = 4*g - 0*g - 5*m - j. Is g prime?
False
Suppose -10 = -5*o + 10. Suppose -2*f + 4*f + o*b - 282 = 0, -4*b = 16. Is f prime?
True
Let s = -3 - -5. Suppose s*v + 8 = 0, 5*v + 283 + 53 = 4*o. Is o prime?
True
Suppose 0 = 6*x - 9*x + 921. Is x a composite number?
False
Let r(x) = -8*x**2 - 1. Let y be r(-1). Let u(v) = 5*v**3 + 9*v**2 + v - 4. Let j(w) = -w**3 - w - 1. Let l(k) = 4*j(k) + u(k). Is l(y) a prime number?
True
Let k(d) = -d**2 - 7*d - 1. Let o be k(-6). Suppose -q = -3*i - o*q + 445, 703 = 5*i - 3*q. Is i composite?
True
Let v(u) = u**3 - 6*u**2 + u + 7. Let w be v(6). Let d(r) = r**2 - 10*r + 14. Is d(w) a prime number?
True
Let x(v) = -2*v**3 + 2*v**2 - v - 85. Let r(i) = 3*i**3 - 3*i**2 + i + 85. Let h(w) = -3*r(w) - 4*x(w). Is h(0) a prime number?
False
Let r = 50 - -95. Is r a composite number?
True
Let i(j) = j**2 - 6*j + 7. Let h be i(5). Suppose -5*s + 2*f = 6*f - 29, -2*s = -h*f - 8. Suppose -s*v = 4*d - 3, -5*v = -d - 12 - 6. Is v a prime number?
True
Let y = 36 - 16. Suppose 4 - y = -4*t. Let o = t - 2. Is o a prime number?
True
Let u = 8 - 6. Let a(t) = -t**2 - t - t**3 - 1 - t**u + 6*t. Is a(-4) a prime number?
True
Suppose -10*o + 16 = -6*o. Let q = 1 - 1. Suppose o*a + a - 265 = q. Is a a composite number?
False
Let m(t) = -121*t - 6. Let n be m(-5). Let d = n + -142. Is d a prime number?
True
Let g(o) = 4*o + 2*o + o. Let f(s) = -s**2 - 6*s. Let n be f(-5). Is g(n) a prime number?
False
Suppose 2*w - 12045 = -3*w. Is w/27 + 2/(-9) prime?
True
Suppose -q + 8 = -3*w + w, 4 = -w + 4*q. Is (-139)/w - 6/(-24) a prime number?
False
Suppose -4*k + 1204 = 3*x, -k + 2*x + 290 = -11. Is k prime?
False
Let u(g) be the second derivative of -g**3/2 - 5*g**2/2 + g. Is u(-4) a composite number?
False
Suppose -2*c = 5*m - 383 + 119, -4*m = 4*c - 216. Let i = m - 15. Is i a prime number?
True
Suppose -28*h + 115 = -27*h. Is h prime?
False
Is (-687)/(-21) - 14/(-49) composite?
True
Suppose -5*i = -8*i + 7341. Is i composite?
False
Suppose 2*v + 5*k + 8 = 26, 0 = -5*v + 2*k + 16. Let l be (-2)/v - 7/(-2). Suppose l*i - 27 = 39. Is i prime?
False
Suppose -12*h - 1814 = -14*h. Is h a prime number?
True
Suppose 2*d - 7 + 0 = -3*c, 5 = 2*d + c. Suppose -4*r = -4*s + 305 - 85, -d*r = 2*s - 102. Is s a prime number?
True
Let y = 24 + -24. Suppose u - 10 = g - 0, -u + 2*g = -15. Is y + 2 - (u + -112) composite?
False
Let l(a) = -1 + a**2 + 7 + 0*a**2 - a. Let u be l(-5). Let w = 71 - u. Is w composite?
True
Suppose 4*h + 8 + 8 = 0. Is ((-2)/h)/((-2)/(-1324)) a prime number?
True
Let q = -218 - -453. Is q + -11 + -1 + 0 composite?
False
Let p(n) be the third derivative of 37*n**5/12 + n**4/24 - n**3/6 - 7*n**2. Is p(1) a composite number?
True
Let t(b) = -b**3 - 8*b**2 - b + 7. Let n = -26 - -17. Is t(n) prime?
True
Let r(n) = n**3 - 5*n**2 - 7*n + 8. Let x be r(6). Suppose -x*w + 15 + 3 = 0. Is w prime?
False
Let p(v) = -v**2 + 9*v + 6. Let o be p(8). Is (10/3)/(o/357) a composite number?
True
Let j(d) = 3*d**3 - 4*d**2 - d + 3. Let q(a) = a**3 + a**2 - a + 4. Let b be q(0). Is j(b) prime?
True
Let v(t) = -t - 1. Let w(o) = -32*o + 2. Let m(f) = 3*v(f) - w(f). Is m(2) composite?
False
Let k(d) = d**3 + 7*d**2 - 8*d + 1. Let g be k(-8). Let p be ((-6)/4)/(g/(-8)). Is 16/6 - (-4)/p prime?
True
Suppose 0 = -3*y - 2*u + 1, 0*y = -5*y + 5*u + 35. Suppose -2*z - 4*f + 196 = 0, -y*z + 262 + 32 = 2*f. Let n = 151 - z. Is n a prime number?
True
Suppose 5*l + 6*q = 2*q + 713, -2*l + 293 = -q. Is l a composite number?
True
Let i(d) = 4*d**3 + 16*d**2 - 10*d - 6. Let v(x) = -x**3 - 5*x**2 + 3*x + 2. Let c(w) = 2*i(w) + 7*v(w). Is c(4) composite?
True
Suppose 0 = m - 3. Suppose 0 = 4*s - r - 268, m*r = 7*s - 2*s - 335. Is s prime?
True
Let n(c) be the first derivative of c**4/4 + 11*c**3/3 - 4*c**2 + 11*c + 2. Let s be n(-9). Suppose -4*d + s = d. Is d a prime number?
False
Suppose 4*h - 12 = h. Let v be 11*1 + -7 + h. Suppose -c - 2 = -v. Is c a prime number?
False
Is 20/(-40) - (-1415)/2 a prime number?
False
Let n be -1 + -3 + (-1 - 88). Let b = 16 - n. Is b composite?
False
Is (0 - -3)*24 + -3 prime?
False
Suppose v - o - 15 = 0, 2*o + 84 = 4*v + 14. Let u be (84/v)/(1/5). Suppose -5*i + 16 = -b, -5*i - 1 = -5*b - u. Is i a prime number?
True
Let h(u) = -u**3 + 2*u**2 + u. Let g be h(2). Let c = -42 + 77. Suppose -g*v + 3*v = c. Is v prime?
False
Suppose 4*r = 5*r - 1227. Is r prime?
False
Let v(r) = -4 - 1 + 14*r + 4. Is v(8) a composite number?
True
Let r(q) = q**2 - q + 293. Is r(0) prime?
True
Let h be ((-836)/33)/(2/(-21)). Is 0/(-2) + (h - 9) prime?
True
Let q(o) be the second derivative of o**4/4 + 5*o**2 - o. Is q(-7) a composite number?
False
Let k be (-2 + 6)*(-1)/(-2). Suppose -5*q + 10 + 20 = 4*j, -q - k*j + 12 = 0. Suppose -2*o - 2 = 0, q*x + 5*o = -4 + 93. Is x composite?
False
Let z = 119 + -22. Is z a composite number?
False
Let x(k) = -k. Let b(y) = y**2 + 15*y - 8. Let p(i) = -b(i) - 6*x(i). Let q be 3 + -6 - (-15)/(-5). Is p(q) a composite number?
True
Suppose 2*a - 189 = -3*v + 5*a, 3*v - 5*a - 181 = 0. Is (-3)/(-6)*0 + v composite?
False
Let q(v) = v**3 + 9*v**2 + 9*v + 11. Let o be q(-8). Suppose o*c = c + 74. Is c composite?
False
Let x = 4 - -11. Let p(q) = -2*q + 2. Let g be p(-3). Suppose -3*z = -2*h - g, 2*z - 5*h - x = -3*z. Is z prime?
True
Suppose 4 - 24 = -5*f, -2*i + 2*f = 2. Suppose p + t - 7 = 0, -t = -i*p + 4*t + 5. Suppose -a = -10*s + p*s + 228, 0 = -2*a + 4. Is s a composite number?
True
Suppose 166 = 6*n - 38. Is n a composite number?
True
Let d be (0 - 4)*(-45)/(-12). Let z be (-50)/d*(-3)/(-2). Suppose 4*v - z = -1, 5*v - 67 = -2*q. Is q a prime number?
True
Suppose 4*a + 4*l = 0, 0*l = -5*a + 3*l + 8. Suppose 4 + a = h. Suppose -h*i + 54 + 1 = 0. Is i a prime number?
True
Let j(s) = -2*s - 2. Let a be j(-3). Suppose -4*l + 165 = y + 62, 4*l = -a*y + 352. Is y a prime number?
True
Let r(f) = f + 9. Let q be r(-8). Suppose z + 3*x - 9 = -2, x = -z + 3. Is -2 + q + (z - -10) prime?
False
Let g be 6/(-24) - (-354)/8. Let u = -9 + g. Is u composite?
True
Let n = 17 - 26. Is (-281)/(-9) + 2/n a prime number?
True
Let p(t) = 2*t**2 + 36*t - 25. Is p(-20) a composite number?
True
Let o be (2/(-3))/((-10)/60). Suppose -4*a - p - o*p + 1775 = 0, 0 = -a - 2*p + 443. Is a prime?
False
Let o(b) = -5*b - 33. Let t(y) = y - 1. Let w(s) = -o(s) - 4*t(s). Is w(0) prime?
True
Let n be (-4)/(-22) + (-72)/(-88). Suppose -2*c = 3*k - 56, -6 + 1 = c. Suppose -3*v - k = -2*b + n, 5*b + 3*v = 110. Is b a composite number?
False
Suppose -3844 = -2*f + 3*v, -v - 4*v = -3*f + 5767. Suppose 3*t - f = -2*l, -l = -4*t + 622 + 1944. Is t prime?
True
Suppose -5*q - 83 = -k, 4*q = -5*k + 462 + 40. Suppose -117 = -3*w - 4*b - 31, -4*w - 2*b + k = 0. Is w a prime number?
False
Let s(g) = 2*g**2 - 3*g - 9. Suppose -5*f + 3*f + 6 = 0. Let o be -1*((-11)/1 + f). Is s(o) a prime number?
False
Let x = 7510 + -1211. Is x composite?
False
Let l be -1*2 - 42/(-2). Suppose y = 5*k - 22, 0 = 3*y - 2*k + 4*k - l. Let o(s) = s**3 + 3*s**2 - s - 2. Is o(y) composite?
True
Let o(f) = 3831*f**2 - 1. Let a be o(1). Let w be a/6 - 3/9. Is (-6)/8 + w/8 a composite number?
False
Suppose 3*a - 6 = 39. Suppose -3*c = a, c + 169 = 2*g - 2*c. Is g composite?
True
Let w(q) = 17*q**2 - 3*q - 1. Is w(5) composite?
False
Suppose s + s = w - 19, 0 = w + s - 25. Suppose 0 = r + 2*b + 5 + 3, 0 = 5*r - b - 4. Suppose r = p - w - 14. Is p a composite number?
False
Suppose -4*m = -1331 + 251. Let d be -187*2*1/2. Let s = m + d. Is s prime?
True
Is (-8)/(-2) - (-2 - 7